s the highest common divisor of k and 48?
12
Suppose 0 = 5*x + 10, 2*g = -4*g + 2*x + 2704. Calculate the greatest common factor of g and 1450.
50
Let y = 8898 + -8706. What is the greatest common divisor of 2088 and y?
24
Suppose 2472*w + 210 = 2487*w. What is the highest common divisor of w and 19?
1
Let u = 45391 + -45207. Suppose 0 = h - 3*o - 32, 3*h - 4*h + 26 = -o. What is the greatest common factor of u and h?
23
Let g = 320 + -480. Let t be (-6 - g/24)/(2/3). What is the greatest common divisor of 11 and t?
1
Let j = -56 + 59. Let m = -36 - j. Let r be (-5)/(-3) - (-12)/(-18) - m. What is the greatest common factor of r and 40?
40
Let m = 116 - 44. Let u be (-1134)/(-4) + m/48. Calculate the greatest common factor of 15 and u.
15
Let p = 15027 + 3067. What is the greatest common divisor of p and 83?
83
Let n be 1/5 + 784/280. Suppose -n*a + 3 = -2*w - 11, 0 = a - 2*w - 10. Calculate the greatest common factor of a and 9.
1
Suppose 0 = 33*i - 78*i + 1485. What is the greatest common divisor of i and 891?
33
Let j be 173/(-2)*(7 + -9) + 3. Let x be 7 - ((-4920)/200 - 4/10). What is the greatest common factor of j and x?
16
Let n(m) = m**3 + 4*m**2 + 2*m + 23. Let s be n(-7). Let f = 294 + s. Calculate the highest common factor of f and 48.
12
Suppose 20 = 4*q + 26*z - 25*z, 3*z + 15 = 3*q. Suppose 3*f + 70 = q*g - 47, -2 = -2*f. Calculate the highest common factor of 15 and g.
3
Let h(w) = -w**3 + 18*w**2 - w + 30. Let y be h(18). Let m(g) = -229*g**3 + 2*g + 1. Let d be m(-1). What is the greatest common factor of y and d?
12
Let n be (2*58)/(24/12). Suppose n - 298 = -10*x. What is the highest common factor of x and 264?
24
Let o(v) = 19*v**2 - 7. Let a(t) = -3*t + 5*t - 3*t**2 + 0 - 3*t**3 - 2 + 4*t**3. Let d be a(3). Let m be o(d). What is the greatest common divisor of 27 and m?
27
Let k = 23 + -27. Let d be (-72)/(-120)*(-2)/(k/70). Calculate the greatest common divisor of d and 91.
7
Let a(w) = w**2 + 11*w - 13. Let p be a(-14). Let l be (-5 + -25 - -36) + (0/1 - -371). What is the greatest common factor of l and p?
29
Let x be 3/2 + (-100)/(-40). Suppose -x*d - 1224 = 5*d. Let f be (10/4 - 1)/((-17)/d). Calculate the greatest common factor of 15 and f.
3
Suppose 2*m - m = 19. Suppose m*b - 630 + 60 = 0. Suppose 0 = -2*f + 3*i + 72, 4 = -2*i + i. Calculate the highest common divisor of f and b.
30
Let k be 65802/121 - 2/(-11). Let r = k + -480. What is the highest common divisor of 144 and r?
16
Suppose 27*u = 15*u + 600. Suppose -3*f + 5*t - u = -252, t = f - 68. What is the highest common divisor of f and 414?
69
Let p(m) be the second derivative of m**4/4 + 4*m**3/3 + 11*m**2/2 - 4*m - 11. Let v be p(-4). What is the highest common divisor of v and 189?
27
Suppose 0 = -4*o + 283 + 5. Let f(j) = 45*j**2 + 1122*j + 93. Let k be f(-25). Calculate the highest common divisor of k and o.
24
Let h be 108*((-12)/(-54) + ((-520)/36)/(-13)). What is the highest common divisor of h and 189?
9
Let w = 25 + -25. Suppose w = -10*b - 0*b - 470. Let a = 81 + b. What is the greatest common factor of a and 85?
17
Let f be 8/4 + -1 + 1252 + -5 + -6. Calculate the highest common divisor of f and 1026.
54
Suppose 0*o - 7*o - 98 = 0. Let x = 86 + o. Suppose -r + 4*r - x = 0. What is the greatest common divisor of 6 and r?
6
Suppose -4*o - 5*r + 4657 = -1891, 3*o = -2*r + 4925. Calculate the greatest common divisor of 5124 and o.
183
Suppose -2*l + 33 = 1. Suppose 3*g = 4*g - l. Suppose -2*i - 2*u - 3 + 17 = 0, 2*i + g = 4*u. What is the highest common factor of 4 and i?
2
Let u be (1 - 47/(-1))*2985*(-28)/(-840). What is the highest common factor of u and 168?
24
Let d = -839 + 1418. Let s = d + -345. What is the greatest common divisor of s and 26?
26
Suppose -1877*d = -1866*d - 28512. What is the greatest common factor of 64 and d?
32
Let g be (55/3 - 1) + 10/15. Let c = g + -2. Let o(i) = -5*i - 5. Let t be o(-17). Calculate the highest common factor of c and t.
16
Suppose -2*k = 2, -4*r - 10*k - 760 = -14*k. Let o = r + 207. Let p = -2 - -274. Calculate the greatest common divisor of p and o.
16
Let i(r) = 24*r**2 - 4*r - 69. Let j be i(-5). Suppose 60 = 4*o + d - 59, 3*d + 49 = 2*o. Calculate the greatest common factor of o and j.
29
Let t be (-4)/6 + 146/3. Let r(z) be the first derivative of -2*z**3/3 + 11*z**2 - 24*z + 133. Let u be r(7). What is the highest common divisor of t and u?
16
Suppose -5*p + 2641 - 981 = 0. Suppose -1091 = -3*t - p. Let g = -41 - -64. What is the greatest common divisor of t and g?
23
Suppose 144 = 12*r - 3*r. Let w be 2/4 - (-7905)/62. What is the greatest common divisor of r and w?
16
Let x(f) = 44*f**2 - 227*f + 68. Let z be x(6). What is the highest common divisor of 3132 and z?
58
Let f be (-2 + 7 - 3) + 2. Suppose d - p - f*p = 225, -4*p = 3*d - 732. What is the highest common factor of d and 96?
48
Suppose 2*w = 125 + 105. Let n(r) = -r**3 + 6*r**2 - 279*r + 1375. Let a be n(5). What is the highest common factor of a and w?
5
Suppose -7*l = -966 - 1806. Suppose 44 = -2*x + 3*x. Calculate the highest common divisor of l and x.
44
Let s be (-1*16/(-5))/(22/660). Let m be (-2 - -2)*2/(-4). Suppose m = 5*w - 3*b - 15, b = -0*w - 3*w + 23. Calculate the greatest common divisor of w and s.
6
Let c = 2997 - 2889. What is the greatest common factor of 156 and c?
12
Let m = 211 - 77. Suppose 133*b = m*b - 50. What is the highest common divisor of 5 and b?
5
Suppose 0 = -5*f + 5*m + 4188 + 2437, -f + 1343 = 2*m. What is the highest common factor of 847 and f?
121
Let s be (-6)/(3*(-2)/176). Let c be ((-4)/4)/(-6*1/(-828)). Let k = c + 154. What is the highest common factor of s and k?
16
Suppose -5*x = 6*u - 6*x - 741, 15 = -5*x. What is the highest common divisor of u and 492?
123
Suppose 2*i - 3*c + 567 = 0, -2*i + 271 = -3*i - c. Let q = -213 - i. Calculate the highest common divisor of 18 and q.
9
Let p(o) = -o + 1. Let i(x) = -7*x - 31. Let z(f) = -i(f) - 4*p(f). Let v be z(0). Calculate the highest common factor of 12 and v.
3
Suppose 5228*q - 3069 = 5217*q. Calculate the highest common divisor of 81 and q.
9
Let r(j) = 122*j**2 - 3*j - 3. Let h be r(-3). Suppose -3*v + 1128 = v - 4*o, 4*v + 4*o = h. Calculate the highest common factor of v and 9.
9
Let x(l) = -l**2 - 8*l + 37. Let a(u) = -2*u**2 + 3*u + 43. Let o be a(6). Let m be x(o). Calculate the highest common divisor of m and 64.
4
Let s(z) = z**2 + 3*z - 3. Let p be s(-4). Let h = -154 - -157. Suppose -2*a - 44 + 6 = -4*o, -h*o - a = -21. What is the greatest common factor of p and o?
1
Let s = 614 - 278. Let r be -2 - (-56)/26 - 4770/78. Let z = r + s. What is the greatest common divisor of z and 25?
25
Let f(j) = j**3 - 5*j**2 + 3*j - 12. Suppose -11*c - 10 = -13*c. Let u be f(c). Suppose 0 = -0*l + u*l - 126. Calculate the greatest common factor of 126 and l.
42
Suppose 72*a - 71*a = -38. Let l = a + 32. Let k = l + 19. What is the highest common factor of k and 143?
13
Let w = 208 - 224. Let a be 4 - (w + 3 + -3). What is the highest common divisor of 160 and a?
20
Suppose -111*f - 143 = -1808. Calculate the greatest common divisor of 55 and f.
5
Let f = 2855 - 2826. What is the greatest common divisor of f and 319?
29
Suppose -19*k + 11*k = 0. Suppose -2*o - 4*m + 100 = k, 0 = 3*o + 4*m + m - 145. What is the greatest common factor of o and 40?
40
Let w(m) = m**3 + 2*m + 21. Let c be w(0). Let h be c/12 + (-78309)/(-132). What is the greatest common factor of h and 35?
35
Let z(q) = 2*q**3 - 127*q**2 + 457*q - 73. Let v be z(60). Calculate the greatest common factor of 452 and v.
113
Suppose -1570 = -10*k + 5*q, -5*k + 44*q = 45*q - 806. What is the greatest common factor of 680 and k?
40
Let l = -12023 + 12329. What is the highest common factor of l and 2808?
18
Let i be (-6)/(6 + 6) + 3/(-2). Let a be -3*i/24 - (-10655)/20. Suppose 671 + a = 7*s. What is the greatest common factor of s and 43?
43
Suppose 0 = -l - l + 198. Let r be (1122/136)/(3/(-8)). Let x = r - -33. What is the greatest common factor of x and l?
11
Let c = -200 + 246. Let l = -31 + c. Calculate the greatest common factor of l and 55.
5
Let y(f) = 4*f + 4. Let w be y(4). Let n be ((-54)/5 - 0)/(2/(-10)). Suppose 174 = 6*s + n. Calculate the greatest common divisor of s and